t g = -183 + 192. Let m = 0 + 0. Let v be g + -11 + m + 2. What is x(v)?
7
Let o(y) = -3*y**2 - 3*y**2 + y**2 + 3*y**2 - 11*y + 5. Give o(-6).
-1
Suppose -b - 4*b + 30 = 0. Let d(q) = q**2 - 6*q + 4. Determine d(b).
4
Let k = 5 - 7. Let r(i) be the first derivative of 1/4*i**4 - i - i**2 + 0*i**3 - 20. What is r(k)?
-5
Let s(w) = -w - 11. Suppose 2*q = -l - 5, -4*q + 3*l = -11 - 4. Let y(j) = j**2 - 6*j - 33. Let k be y(9). Let p be k + (q/1)/3. What is s(p)?
-5
Let f = -7 - -14. Let t(n) be the third derivative of -n**6/120 + n**5/10 + n**4/4 + n**3/2 - 1901*n**2. Calculate t(f).
-4
Let j(y) = -5*y**2 - 162 + 2*y**2 + 163 - y + 0*y**2 + 0*y**2. Determine j(2).
-13
Let n(o) = -5*o**2 - o - 2. Let v be (-40)/18 + (-88)/(-396). Give n(v).
-20
Let g(l) be the third derivative of 0 + 0*l**4 - 6*l**2 - 7/6*l**3 + 0*l - 7/60*l**5 - 1/120*l**6. Let f = 13 + -20. What is g(f)?
-7
Let q(f) be the second derivative of -1/2*f**2 + 0 - 1/3*f**3 - 1/12*f**4 + 17*f. Determine q(-4).
-9
Suppose -5*r = 4*j - 5*j - 9, 0 = -r + 5. Suppose 0*y = 2*z - y - j, 4*y - 16 = 0. Let t(w) = w**3 - 11*w**2 + 11*w - 15. Give t(z).
-5
Let s(c) = -51*c**2 + 6 - 10*c - 44*c**2 - c**3 + 150*c**2 - 48*c**2. Determine s(4).
14
Let j(a) be the third derivative of a**5/60 + 5*a**4/12 - 9*a**3 + 326*a**2. Calculate j(-14).
2
Let h(a) = a**3 + 5*a**2 + a - 3. Let f = 1287 - 1292. Give h(f).
-8
Let l(u) = 7*u. Suppose -4*z = -x - 9, 3*z + x + 3 = z. Give l(z).
7
Let r = -24 + 25. Let b(l) = -r - 1 - l + 4. What is b(0)?
2
Let c(m) = -3*m**2 + 17*m + 2*m**2 + 3 - 21*m. Let o be c(-4). Let f = -5 + o. Let q(j) = -j**3 - j**2 + j - 1. Calculate q(f).
1
Suppose 22*m - 168 = -6*m. Let c(q) = q**3 - 5*q**2 - 7*q - 1. Determine c(m).
-7
Let v = 16 - 16. Let p be -5 + 3 + v - -3. Let g(q) = -9*q**2 - 1. What is g(p)?
-10
Let k(n) = n**3 + 4*n**2 - 6*n - 2. Suppose -28*z - 24 = -22*z. What is k(z)?
22
Let v(p) = -138 + 68 + 68 + 8*p. What is v(-2)?
-18
Let b(m) be the first derivative of -m**3/3 - 7*m**2/2 + 11*m + 112. What is b(-9)?
-7
Let f(c) = 15*c**3 + 21*c**2 - 83*c. Let d(v) = -7*v**3 - 10*v**2 + 38*v. Let y(b) = 13*d(b) + 6*f(b). What is y(-4)?
16
Let r(x) = -x**3 + 14*x**2 - 14*x + 26. Let t be (36/(-27))/((-4)/39). Calculate r(t).
13
Let l(s) = -s**3 + 5*s**2 - 4*s. Let f be l(3). Let y = -2 + f. Let b be y/3*(-6)/4. Let v(h) = 2*h + 1. Calculate v(b).
-3
Suppose r = 5*r + 24. Let a(t) = t - 4. Let l(s) = 3*s - 9. Let b(i) = -5*a(i) + 2*l(i). Calculate b(r).
-4
Suppose -2*z - 1587 = -1589. Let t(f) = -54*f**3 - 2*f**2 + f. Determine t(z).
-55
Let a(t) = -t**2 - 2*t + 4. Let i(g) = -g**2 + 14*g - 36. Let n be i(7). Suppose 2*x - 1 + n = -4*p, 4*p - 18 = 3*x. Give a(x).
-20
Let f(b) = b + 19. Let t(g) = -1. Suppose -4*s = -9 - 11. Let k(j) = s*t(j) + f(j). Calculate k(-7).
7
Let f(g) = 19*g**2 - 8*g - 14 + 7*g - 6*g**3 + 7*g**3. Calculate f(-19).
5
Suppose 5 + 4 = -2*x - n, n - 12 = x. Let o(g) be the second derivative of -g**5/20 - 2*g**4/3 - 5*g**3/6 + 4*g**2 + 31*g + 9. Calculate o(x).
-6
Let r(c) = c**2 + 12*c + 32. Suppose 116*a = 136*a + 140. Calculate r(a).
-3
Let x(o) be the first derivative of -o**2 + 10*o - 6. Let p be x(7). Let j = 7 + p. Let t(s) = 3*s - 3. Give t(j).
6
Let o(n) be the first derivative of n**3 + n**3 + 4*n**3 - 19 - n - n**2 - 2*n**3. Calculate o(-1).
13
Let d(z) = -z + 6. Let c be (20/50)/(2/15) + -3. Give d(c).
6
Let g(u) = u - 2. Let l(j) = -j**2 - 4*j + 4. Let t = 12 - 15. Let f be l(t). Let r = 2 - f. What is g(r)?
-7
Let i(o) = -2*o + 9 - 2*o - 1 - 1 - 11. Give i(-7).
24
Let h(q) be the second derivative of -22*q + 1/6*q**3 + 0 + 3/2*q**2. What is h(-3)?
0
Let b(t) = -t**3 - 6*t**2 - 5*t - 1. Let f be b(-5). Let w(s) = 50*s - 18*s - 25*s. What is w(f)?
-7
Let n(t) be the third derivative of -t**5/60 + 5*t**4/24 + t**3/3 + 13*t**2 - 1. Give n(5).
2
Let c(f) = -4*f**3 - 37*f**2 + 29*f - 63. Let y(x) = x**3 + 12*x**2 - 10*x + 21. Let q(m) = -2*c(m) - 7*y(m). Determine q(9).
6
Let s(j) = -5*j**2 + 18*j - 2. Suppose -4*i + i + 13 = -4*g, i - 3*g - 6 = 0. Let f(r) = 2*r**2 - 6*r + 1. Let v(n) = i*s(n) + 8*f(n). Determine v(-5).
-3
Let m(g) be the first derivative of -7*g - 12 - 4*g**2 - 1/3*g**3. Let q = -10 - -3. Determine m(q).
0
Let f(p) = 2*p + 332 + 3*p**2 - 325 + 2*p**2 + p**3. Determine f(-5).
-3
Let h(l) = l**3 - l**2 - 3*l + 3. Let r be (0 + -1 + 0)/(7/(-14)). What is h(r)?
1
Let o(r) = r**3 + 4*r**2 - 2*r - 3. Let i(y) = -y**3 + 6*y**2 - 3*y - 8. Let j be i(4). Suppose c = -j + 7. Give o(c).
-18
Let v(n) = -n - 3. Let k(m) be the second derivative of m**3/6 + m**2 - 5*m. Let u be k(-4). Let r(j) = -2*j - 4. Let z(t) = u*r(t) + 3*v(t). Determine z(-2).
-3
Let g(z) be the first derivative of z**3/3 - z**2/2 - 627. Calculate g(2).
2
Let d(i) = 7*i + 3. Let c = -1543 - -1540. Calculate d(c).
-18
Let i(h) = h**2 - 3. Let a be i(3). Suppose 4*l = 2*m, -5*m + 32 - a = 3*l. Suppose 5*p + 11 = p - 3*c, -l*p + c = 3. Let r(t) = -t**2 - 2*t - 1. Give r(p).
-1
Let q(b) = -b**3 - 3*b**2 - 2*b - 4. Let n be q(-3). Let i(p) = 451*p**2 - 3 - 454*p**n + 1. Give i(-2).
-14
Let j(u) = -4. Let n(p) = 6*p - 20. Let o(h) = 5*j(h) - n(h). Suppose t + 2*f = -3*t - 6, 1 = -4*t - f. Determine o(t).
-6
Let o(l) = 1 - 2*l**2 + 137*l - 286*l - 29*l**2 + 148*l. What is o(1)?
-31
Let o(x) = -x**2 - x - 2. Let l(b) = 3*b**2 + 2*b + 5. Let m(d) = -2*l(d) - 5*o(d). Let i = 4 + 11. Suppose 5*c - 3*c = 3*t - i, 2*t - 10 = 4*c. What is m(c)?
0
Suppose -36 = 5*c + 4*c. Let l(f) = -9*f + 1. Give l(c).
37
Let v(h) be the second derivative of 0 + 1/2*h**4 - 2*h**2 - 5*h - 1/6*h**3 - 1/20*h**5. Determine v(6).
-10
Let t(k) = k**2 - 28*k + 47. Let p be t(26). Let g(i) = 2*i**2 + 4*i - 4. Determine g(p).
26
Let i(g) = 8*g - 35. Let u be i(5). Let s = -3 + 2. Let c = u - s. Let j(l) = -l + 5. Calculate j(c).
-1
Let g = -35 + 36. Suppose -2*y = -3*y - g. Let i(b) = -5*b + b + 1 + 2*b. Calculate i(y).
3
Let j be 51 - 54 - (2 + (1 - 3)). Let a(o) = -o**3 - 4*o**2 - o + 5. Determine a(j).
-1
Let a(i) = 5*i**3 - 11*i**2 - 18*i + 17. Let j(p) = -28*p**3 + 55*p**2 + 91*p - 84. Let s(y) = -11*a(y) - 2*j(y). Give s(-9).
-1
Let j(z) = z**2 - 5*z - 5. Let r = 69 - 42. Let a = r - 24. Let b be 5 + 0 + a/3. Calculate j(b).
1
Let j(y) = 2*y - 1. Let t be -13 - (-4 + 4) - 1. Let i = t + 20. Let b be ((-54)/(-12))/(i/8). What is j(b)?
11
Let y be (-1)/1 - -2 - -1. Let j(f) = -4*f + 1 + 0*f + y*f + 4*f. What is j(7)?
15
Let a(t) = -t**2 + 1. Let g be a(-1). Let p = 300 + -166. Let r(j) = -p + j + 69 + 66. Give r(g).
1
Suppose 4*v - 6*v - d = 0, 3*v = 4*d + 22. Let x(a) = -2*a - a + 0*a + 5*a - a**2 + v. Suppose r - 1 - 2 = 0. Determine x(r).
-1
Suppose 2*q = 5*l - 31, -3*q + 2*q - 28 = -5*l. Let m(n) be the second derivative of 2*n**3/3 + n**2 + 4*n. Give m(q).
-10
Let l(m) = m**2 + 3*m - 7. Let d be l(-5). Let p(n) be the first derivative of n - 3*n + 3*n + 0 - n**2 + 8. Determine p(d).
-5
Let x(y) = -28*y**2 - 5*y - 8. Let s(k) = 44*k**2 + 8*k + 12. Let a(f) = -5*s(f) - 8*x(f). Give a(3).
40
Let n(o) be the first derivative of -o**4/4 - o**3 - o**2/2 - 3*o - 40. Determine n(-3).
0
Suppose -5*j - 18 = -4*i, 0 = -2*i - j + 2 - 0. Suppose g - 9 = -5. Let c(l) = -5*l**2 - 2*l**i - 5*l + l**2 + 5*l**2 - g. What is c(-5)?
-4
Let m(q) = 9*q + 1 - 2*q**2 + q**3 - 19*q + 5*q + 5*q. Let c = 11 + -8. Determine m(c).
10
Let v(d) be the third derivative of -d**5/60 - 7*d**4/24 + 8*d**3/3 + 14*d**2. Let f be v(-9). Let a(b) = 2*b + 3. Give a(f).
-1
Let g = -21 - -29. Suppose 0 = g*l - 12*l + 20. Let r(p) = p**2 - 6*p + 5. Let d(s) = s**2 - 6*s + 5. Let u(w) = l*d(w) - 6*r(w). Give u(6).
-5
Let w(u) = u + 5. Let r be w(-4). Let z be (4/(-2))/(1/r). Let f(y) be the second derivative of -y**5/20 + y**3/2 + y**2 - 19*y - 2. Determine f(z).
4
Suppose -5*x = -4*f + 4 + 164, -4*f - 120 = 3*x. Let b be ((-24)/x)/(2/15). Let n(h) = -h. Determine n(b).
-5
Let h(i) = -26*i - 26*i - 23*i + 73*i - 5. What is h(-5)?
5
Let d(f) = f**2 - 2*f - 1. Let r(x) = x**2 - x - 1. Let o(t) = -5*d(t) + 6*r(t). Calculate o(-2).
-5
Let f(z) = 5*z. Let c(m) = m + 1. Let d(i) = -i. Let p(a) = -3*c(a) - 4*d(a). Let x be p(6). Suppose k = -x*k + 4. Give f(k).
5
Suppose -2*p - 2 = -5*g + 3*g, -2*p = -4*g + 2. Let o(f) = -f - 4. Give o(g).
-4
Let